{"id":404,"date":"2005-10-10T15:30:11","date_gmt":"2005-10-10T13:30:11","guid":{"rendered":"https:\/\/www.herr-rau.de\/wordpress\/faq\/"},"modified":"2026-02-19T08:37:56","modified_gmt":"2026-02-19T07:37:56","slug":"faq","status":"publish","type":"page","link":"https:\/\/www.herr-rau.de\/wordpress\/faq","title":{"rendered":"FAQ"},"content":{"rendered":"<div style='text-align:right;'><small>(<a href='https:\/\/www.herr-rau.de\/wordpress\/faq#comments'>45 Kommentare.<\/a>)<\/small> <\/div>\n<p>Ich hei\u00dfe Thomas Rau und unterrichte Deutsch, Informatik und Englisch mit wechselndem Erfolg an erst einem, dann einem anderen bayerischen Gymnasium. Ich hei\u00dfe wirklich so, das ist kein Pseudonym. Ich bin nicht der Thomas Rau, der gelegentlich in Computer-Fachzeitschriften Artikel ver\u00f6ffentlicht. \u00dcber E-Mail zu erreichen bin ich unter:<\/p>\n\n\n\n<figure class=\"wp-block-image\"><img decoding=\"async\" src=\"https:\/\/www.herr-rau.de\/wordpress\/archiv\/email4.gif\" alt=\"\"\/><\/figure>\n\n\n\n<p>Thomas Rau<br><a href=\"https:\/\/www.herr-rau.de\/wordpress\/archiv\/0x78549FB2.asc\">PGP Public Key (GnuPG)<\/a><\/p>\n\n\n\n<h2 class=\"wp-block-heading\">Testimonials<\/h2>\n\n\n\n<ul class=\"wp-block-list\">\n<li>&#8222;Polymath&#8220; (2024 als Teil der Beschreibung auf der Kaffeetasse, die ich von einer Fachschaft zum Abschied gekriegt habe; darauf bin ich besonders stolz)<\/li>\n\n\n\n<li>&#8222;Jean P\u00fctz der Heim-KI&#8220; (<a href=\"https:\/\/iberty.de\/23-03-11-klausurlaub\/58\/\">2023<\/a>)<\/li>\n\n\n\n<li>&#8222;Vernunft und behutsame Beharrlichkeit, da hat der @Herr_Rau olympisches Niveau.&#8220; (<a href=\"https:\/\/twitter.com\/daszeiserl\/status\/1459189199278596096\">2021<\/a>)<\/li>\n\n\n\n<li>&#8222;Dieter Nuhr des Twitterlehrerzimmers&#8220; (<a href=\"https:\/\/twitter.com\/ciffi\/status\/1208387755828563968\">2019<\/a>)<\/li>\n\n\n\n<li>&#8222;Lehrerblog-Pionier&#8220; (<a href=\"https:\/\/bobblume.de\/2019\/11\/03\/blogparade-zeitgemaesses-lernen-konkret-lernparade\/\">2019<\/a>)<\/li>\n\n\n\n<li>&#8222;umsichtig, bed\u00e4chtig, vielwissend, abw\u00e4gend&#8220; (<a href=\"https:\/\/hauptschulblues.blogspot.com\/2019\/10\/blogs-gerne-und-regelmaig-gelesen.html\">2019<\/a>)<\/li>\n\n\n\n<li>&#8222;Manches ist mir ein bisschen zu speziell, zu informatiklastig, wobei er aber so erkl\u00e4ren kann, dass es auch ein Laie versteht.&#8220; &#8222;Im Hintergrund gef\u00e4llt&#8217;s ihm ganz gut, dem Herrn, und manchmal braucht er einen Stups, damit er im echten Leben von sich erz\u00e4hlt oder was macht, das ihn in&#8217;s Zentrum des Geschehens r\u00fcckt.&#8220; (<a href=\"https:\/\/smartass.blogger.de\/stories\/2740152\/\">2019<\/a>)<\/li>\n\n\n\n<li>&#8222;Blogger-Urviech&#8220; (<a href=\"http:\/\/www.lehrerfreund.de\/schule\/1s\/lehrerblog-anonym\/4263\">2012<\/a>)<\/li>\n\n\n\n<li>&#8222;Blogmuse&#8220; (<a href=\"http:\/\/riecken.de\/index.php\/2009\/04\/blogmusen-des-ersten-jahres\/\">2009<\/a>)<\/li>\n\n\n\n<li>&#8222;Urvater&#8220; (<a href=\"http:\/\/www.lehrerfreund.de\/schule\/1s\/3514\">2009<\/a>)<\/li>\n\n\n\n<li>&#8222;Veteran des schulischen Bloggens&#8220; (<a href=\"http:\/\/sagmal.de\/rau.htm\">2006<\/a>) (<a href=\"http:\/\/www.lehrerfreund.de\/schule\/1s\/weblogs-unterricht1\/2757\">2006<\/a>)<\/li>\n\n\n\n<li>&#8222;Bildungsblogdinosaurier&#8220; (<a href=\"http:\/\/www.lehrerfreund.de\/schule\/1s\/platz-3-lehrerzimmer\/2828\">2006<\/a>)<\/li>\n\n\n\n<li>&#8222;Urgestein&#8220; (finde Quelle leider nicht mehr)<\/li>\n<\/ul>\n\n\n\n<blockquote class=\"wp-block-quote is-layout-flow wp-block-quote-is-layout-flow\">\n<p>Vielleicht sollten Sie anstatt hier Ihre Internetseite t\u00e4glich zu pflegen, selber mal ein paar fortbildende Seminare belegen.<br>Sie sind das Paradebeispiel daf\u00fcr, das sich bei Ihrer Berufs-Kaste seit 30 Jahren nichts, aber auch garnichts ge\u00e4ndert hat. (<a href=\"https:\/\/www.herr-rau.de\/wordpress\/2006\/11\/wieviel-verdienen-lehrer-eigentlich.htm#comment-33675\">Quelle<\/a>)<\/p>\n<\/blockquote>\n\n\n\n<blockquote class=\"wp-block-quote is-layout-flow wp-block-quote-is-layout-flow\">\n<p>Man sch\u00fctze unsere Kinder vor solchem Lehrpersonal. (<a href=\"https:\/\/twitter.com\/doctor_of_style\/status\/1325542248038223872\">Quelle<\/a>)<\/p>\n<\/blockquote>\n\n\n\n<blockquote class=\"wp-block-quote is-layout-flow wp-block-quote-is-layout-flow\">\n<p>Als Sch\u00fcler w\u00fcrde ich mich wahrscheinlich fragen, welches Geltungsbed\u00fcrfnis hinter seinem Blog steht. (<a href=\"https:\/\/www.herr-rau.de\/wordpress\/2014\/04\/u-poznanski-erebos.htm#comment-139859\">Quelle<\/a>)<\/p>\n<\/blockquote>\n\n\n\n<p>Ich bin in Wirklichkeit nicht so, wie ich mich hier darstelle oder wie ich hier erscheine.* Als Lehrer meine ich es gut, aber ich glaube, das tun ohnehin alle. Manche Sch\u00fcler und Sch\u00fclerinnen sind mit mir zufrieden, andere nicht; manche kann ich zu tollen Leistungen motivieren, andere nicht.<\/p>\n\n\n\n<p><small>*andererseits, vielleicht n\u00e4hert man sich einander an im Laufe der Zeit<\/small><\/p>\n\n\n\n<h2 class=\"wp-block-heading\">Geschichtliches<\/h2>\n\n\n\n<ul class=\"wp-block-list\">\n<li>1974-78 Grundschule<\/li>\n\n\n\n<li>1978 erstes Spider-Man-Heft<\/li>\n\n\n\n<li>1981 Clubgr\u00fcndung: Zusammenschluss mit SFC Terraner Union\/S.I. zum PR\/SFC Galactic Union<\/li>\n\n\n\n<li>1982 mein erster Con (und erstes Rollenspiel)<\/li>\n\n\n\n<li>1983-1987 regelm\u00e4\u00dfige Rollenspielrunde<\/li>\n\n\n\n<li>seit 1996 regelm\u00e4\u00dfig im Internet<\/li>\n\n\n\n<li>1996 Referendariat<\/li>\n\n\n\n<li>1998 <a href=\"https:\/\/www.herr-rau.de\/aol\/Eingang\/index.html#Haus\" rel=\"nofollow\">erste Homepage, sehr liebenswert<\/a><\/li>\n\n\n\n<li>1998 Graf-Rasso-Gymnasium F\u00fcrstenfeldbruck<\/li>\n\n\n\n<li>2004 dieses Blog hier<\/li>\n\n\n\n<li>2007-2011 Mitglied im ISB-Arbeitskreis \u201eZentraler Englisch-Test am Gymnasium\u201c<\/li>\n\n\n\n<li>2008-2009 Mitglied im ISB-Arbeitskreis \u201eVergleichsarbeiten in Bayern\u201c2010-2011 Mitarbeit im Moodle-Organisationsteam Oberbayern-West<\/li>\n\n\n\n<li>Fachbetreuung Deutsch seit 2011?<\/li>\n\n\n\n<li>2011-2016 Teilabordnung an die LMU M\u00fcnchen zur Verst\u00e4rkung des Praxisbezugs in der Informatiklehrerausbildung (Pr\u00fcfungen; Didaktik-Veranstaltungen)<\/li>\n\n\n\n<li>2013-2021 Didaktikvorlesungen an der LMU M\u00fcnchen (Fachdidaktik Informatik)<\/li>\n\n\n\n<li>2019 Rosenfest<\/li>\n\n\n\n<li>2022\/2023 Sabbatjahr<\/li>\n\n\n\n<li>2024 Wechsel an ein Gymnasium in M\u00fcnchen als Mitarbeiter in der Schulleitung<\/li>\n<\/ul>\n\n\n\n<h2 class=\"wp-block-heading\">Im Web<\/h2>\n\n\n\n<ul class=\"wp-block-list\">\n<li><s>Twitter<\/s><\/li>\n\n\n\n<li><a href=\"https:\/\/fnordon.de\/@herr_rau\">Mastodon<\/a> (@Herr_Rau@fnordon.de)<\/li>\n\n\n\n<li>Bluesky: da bin ich nicht, <s>aber wer dort der Br\u00fccke @ap.brid.gy folgt (und wiedergefolgt wird), kann mir danach von dort aus folgen unter: @herr_rau.fnordon.de.ap.brid.gy<\/s><\/li>\n\n\n\n<li><a href=\"http:\/\/www.youtube.com\/user\/HerrRau2\" rel=\"external nofollow me\">Youtube<\/a><\/li>\n\n\n\n<li><a href=\"https:\/\/www.instagram.com\/herr_rau\/\" rel=\"external nofollow me\">Instagram<\/a><\/li>\n\n\n\n<li><a href=\"https:\/\/de.wikipedia.org\/wiki\/Benutzer:Herr_Rau\">Wikipedia<\/a> (<a href=\"https:\/\/en.wikipedia.org\/wiki\/User:Herr_Rau\">en<\/a>, <a href=\"https:\/\/en.wikisource.org\/wiki\/User:Herr_Rau\">wikisource<\/a>)<\/li>\n<\/ul>\n\n\n\n<h2 class=\"wp-block-heading\">Proud Owner: James Branch Cabell, Storisende Edition No. 1113<\/h2>\n\n\n\n<figure class=\"wp-block-image\"><img decoding=\"async\" src=\"https:\/\/www.herr-rau.de\/wordpress\/archiv\/storisende12.jpg\" alt=\"\"\/><\/figure>\n\n\n\n<figure class=\"wp-block-image\"><a class=\"noicon\" href=\"http:\/\/www.adfreeblog.org\/\" target=\"_blank\" rel=\"noopener noreferrer\"><img loading=\"lazy\" decoding=\"async\" width=\"216\" height=\"80\" src=\"https:\/\/www.herr-rau.de\/wordpress\/archiv\/adfreebutton2.jpg\" alt=\"\" class=\"wp-image-10990\" srcset=\"https:\/\/www.herr-rau.de\/wordpress\/archiv\/adfreebutton2.jpg 216w, https:\/\/www.herr-rau.de\/wordpress\/archiv\/adfreebutton2-150x56.jpg 150w, https:\/\/www.herr-rau.de\/wordpress\/archiv\/adfreebutton2-135x50.jpg 135w\" sizes=\"auto, (max-width: 216px) 100vw, 216px\" \/><\/a><\/figure>\n\n\n\n<figure class=\"wp-block-image\"><a href=\"https:\/\/www.hochbuerder.org\/erdstrahlen\/\"><img decoding=\"async\" src=\"https:\/\/www.herr-rau.de\/wordpress\/archiv\/erdstrahlen-zertifikat-1.gif\" alt=\"\"\/><\/a><\/figure>\n\n\n\n<h2 class=\"wp-block-heading\">Bildliches<\/h2>\n\n\n\n<p><img decoding=\"async\" src=\"https:\/\/www.herr-rau.de\/wordpress\/archiv\/herrrau1.jpg\" alt=\"\"><img decoding=\"async\" src=\"https:\/\/www.herr-rau.de\/wordpress\/archiv\/herrrau27.jpg\" alt=\"\"><img decoding=\"async\" src=\"https:\/\/www.herr-rau.de\/wordpress\/archiv\/herrrau7.jpg\" alt=\"\"><img decoding=\"async\" src=\"https:\/\/www.herr-rau.de\/wordpress\/archiv\/herrrau5.jpg\" alt=\"\"><img decoding=\"async\" src=\"https:\/\/www.herr-rau.de\/wordpress\/archiv\/herrrau8.jpg\" alt=\"\"><img decoding=\"async\" src=\"https:\/\/www.herr-rau.de\/wordpress\/archiv\/herrrau26.jpg\" alt=\"\"><img decoding=\"async\" src=\"https:\/\/www.herr-rau.de\/wordpress\/archiv\/herrrau10.jpg\" alt=\"\"><img decoding=\"async\" src=\"https:\/\/www.herr-rau.de\/wordpress\/archiv\/herrrau35.jpg\" alt=\"\"><img decoding=\"async\" src=\"https:\/\/www.herr-rau.de\/wordpress\/archiv\/herrrau3.jpg\" alt=\"\"><img decoding=\"async\" src=\"https:\/\/www.herr-rau.de\/wordpress\/archiv\/herrrau33.jpg\" alt=\"\"><img decoding=\"async\" src=\"https:\/\/www.herr-rau.de\/wordpress\/archiv\/herrrau28.jpg\" alt=\"\"><img decoding=\"async\" src=\"https:\/\/www.herr-rau.de\/wordpress\/archiv\/herrrau17.jpg\" alt=\"\"><img decoding=\"async\" src=\"https:\/\/www.herr-rau.de\/wordpress\/archiv\/herrrau36.jpg\" alt=\"\"><img decoding=\"async\" src=\"https:\/\/www.herr-rau.de\/wordpress\/archiv\/herrrau9.jpg\" alt=\"\"><img decoding=\"async\" src=\"https:\/\/www.herr-rau.de\/wordpress\/archiv\/herrrau12.jpg\" alt=\"\"><img decoding=\"async\" src=\"https:\/\/www.herr-rau.de\/wordpress\/archiv\/herrrau31.jpg\" alt=\"\"><img decoding=\"async\" src=\"https:\/\/www.herr-rau.de\/wordpress\/archiv\/herrrau4.jpg\" alt=\"\"><img decoding=\"async\" src=\"https:\/\/www.herr-rau.de\/wordpress\/archiv\/herrrau6.jpg\" alt=\"\"><img decoding=\"async\" src=\"https:\/\/www.herr-rau.de\/wordpress\/archiv\/herrrau2.jpg\" alt=\"\"><img decoding=\"async\" src=\"https:\/\/www.herr-rau.de\/wordpress\/archiv\/herrrau22.jpg\" alt=\"\"><img decoding=\"async\" src=\"https:\/\/www.herr-rau.de\/wordpress\/archiv\/herrrau11.jpg\" alt=\"\"><img decoding=\"async\" src=\"https:\/\/www.herr-rau.de\/wordpress\/archiv\/herrrau13.jpg\" alt=\"\"><img decoding=\"async\" src=\"https:\/\/www.herr-rau.de\/wordpress\/archiv\/herrrau14.jpg\" alt=\"\"><img decoding=\"async\" src=\"https:\/\/www.herr-rau.de\/wordpress\/archiv\/herrrau15.jpg\" alt=\"\"><img decoding=\"async\" src=\"https:\/\/www.herr-rau.de\/wordpress\/archiv\/herrrau16.jpg\" alt=\"\"><img decoding=\"async\" src=\"https:\/\/www.herr-rau.de\/wordpress\/archiv\/herrrau18.jpg\" alt=\"\"><img decoding=\"async\" src=\"https:\/\/www.herr-rau.de\/wordpress\/archiv\/herrrau19.jpg\" alt=\"\"><img decoding=\"async\" src=\"https:\/\/www.herr-rau.de\/wordpress\/archiv\/herrrau20.jpg\" alt=\"\"><img decoding=\"async\" src=\"https:\/\/www.herr-rau.de\/wordpress\/archiv\/herrrau23.jpg\" alt=\"\"><img decoding=\"async\" src=\"https:\/\/www.herr-rau.de\/wordpress\/archiv\/herrrau21.jpg\" alt=\"\"><img decoding=\"async\" src=\"https:\/\/www.herr-rau.de\/wordpress\/archiv\/herrrau24.jpg\" alt=\"\"><img decoding=\"async\" src=\"https:\/\/www.herr-rau.de\/wordpress\/archiv\/herrrau25.jpg\" alt=\"\"><img decoding=\"async\" src=\"https:\/\/www.herr-rau.de\/wordpress\/archiv\/herrrau29.jpg\" alt=\"\"><img decoding=\"async\" src=\"https:\/\/www.herr-rau.de\/wordpress\/archiv\/herrrau30.jpg\" alt=\"\"><img decoding=\"async\" src=\"https:\/\/www.herr-rau.de\/wordpress\/archiv\/herr_rau_kikitoon.png\"><img decoding=\"async\" src=\"https:\/\/www.herr-rau.de\/wordpress\/archiv\/herrrau32.jpg\" alt=\"\"><img decoding=\"async\" src=\"https:\/\/www.herr-rau.de\/wordpress\/archiv\/herrrau37.jpg\" alt=\"\"><img decoding=\"async\" src=\"https:\/\/www.herr-rau.de\/wordpress\/archiv\/herrrau38.jpg\" alt=\"\"><img decoding=\"async\" src=\"https:\/\/www.herr-rau.de\/wordpress\/archiv\/herrrau39.jpg\" alt=\"\"><img decoding=\"async\" src=\"https:\/\/www.herr-rau.de\/wordpress\/archiv\/herrrau40.jpg\" alt=\"\"><img decoding=\"async\" src=\"https:\/\/www.herr-rau.de\/wordpress\/archiv\/herrrau41.jpg\" alt=\"\"><img decoding=\"async\" src=\"https:\/\/www.herr-rau.de\/wordpress\/archiv\/herrrau42.jpg\" alt=\"\"><img decoding=\"async\" src=\"https:\/\/www.herr-rau.de\/wordpress\/archiv\/herrrau43.jpg\" alt=\"\"><img decoding=\"async\" src=\"https:\/\/www.herr-rau.de\/wordpress\/archiv\/herrrau44.jpg\" alt=\"\"><img decoding=\"async\" src=\"https:\/\/www.herr-rau.de\/wordpress\/archiv\/herrrau45.gif\" alt=\"\"><img decoding=\"async\" src=\"https:\/\/www.herr-rau.de\/wordpress\/archiv\/herrrau46.jpg\" alt=\"\"><img decoding=\"async\" src=\"https:\/\/www.herr-rau.de\/wordpress\/archiv\/herrrau47.jpg\"><img decoding=\"async\" src=\"https:\/\/www.herr-rau.de\/wordpress\/archiv\/herrrau48.jpg\"><img decoding=\"async\" src=\"https:\/\/www.herr-rau.de\/wordpress\/archiv\/herrrau49.jpg\"><img decoding=\"async\" src=\"https:\/\/www.herr-rau.de\/wordpress\/archiv\/herrrau50.jpg\"><img decoding=\"async\" src=\"https:\/\/www.herr-rau.de\/wordpress\/archiv\/herrrau51.jpg\"><img decoding=\"async\" src=\"https:\/\/www.herr-rau.de\/wordpress\/archiv\/herrrau52.jpg\"><img decoding=\"async\" src=\"https:\/\/www.herr-rau.de\/wordpress\/archiv\/herrrau51.jpg\"><img decoding=\"async\" src=\"https:\/\/www.herr-rau.de\/wordpress\/archiv\/herrrau53.jpg\"><\/p>\n\n\n\n<p>Bildquellen: Familienbestand, Frau Rau, rip. (Danke!)<\/p>\n\n\n\n<h2 class=\"wp-block-heading\">Motto<\/h2>\n\n\n\n<blockquote class=\"wp-block-quote is-layout-flow wp-block-quote-is-layout-flow\">\n<p>Schlimmes gesch\u00e4he dir da, mein Bester, wenn du nach Athen gekommen, wo in ganz Hellas die gr\u00f6\u00dfte Redefreiheit herrscht, dann hier als einziger an ihr nicht teilhaben solltest. Aber setze auch dagegen: wenn du weitl\u00e4ufig redest und nicht das Gefragte beantworten willst, dass auch mir Schlimmes gesch\u00e4he, wenn ich nicht weggehen d\u00fcrfte, ohne dich zu h\u00f6ren.&#8220; <\/p>\n<cite>Platon, <em>Gorgias<\/em><\/cite><\/blockquote>\n","protected":false},"excerpt":{"rendered":"<p>(45 Kommentare.) Ich hei\u00dfe Thomas Rau und unterrichte Deutsch, Informatik und Englisch mit wechselndem Erfolg an erst einem, dann einem anderen bayerischen Gymnasium. Ich hei\u00dfe wirklich so, das ist kein Pseudonym. Ich bin nicht der Thomas Rau, der gelegentlich in Computer-Fachzeitschriften Artikel ver\u00f6ffentlicht. \u00dcber E-Mail zu erreichen bin ich unter: Thomas RauPGP Public Key (GnuPG) [&hellip;]<\/p>\n","protected":false},"author":2,"featured_media":0,"parent":0,"menu_order":2,"comment_status":"open","ping_status":"open","template":"","meta":{"footnotes":""},"class_list":["post-404","page","type-page","status-publish","hentry"],"jetpack_sharing_enabled":true,"jetpack_likes_enabled":true,"_links":{"self":[{"href":"https:\/\/www.herr-rau.de\/wordpress\/wp-json\/wp\/v2\/pages\/404","targetHints":{"allow":["GET"]}}],"collection":[{"href":"https:\/\/www.herr-rau.de\/wordpress\/wp-json\/wp\/v2\/pages"}],"about":[{"href":"https:\/\/www.herr-rau.de\/wordpress\/wp-json\/wp\/v2\/types\/page"}],"author":[{"embeddable":true,"href":"https:\/\/www.herr-rau.de\/wordpress\/wp-json\/wp\/v2\/users\/2"}],"replies":[{"embeddable":true,"href":"https:\/\/www.herr-rau.de\/wordpress\/wp-json\/wp\/v2\/comments?post=404"}],"version-history":[{"count":3,"href":"https:\/\/www.herr-rau.de\/wordpress\/wp-json\/wp\/v2\/pages\/404\/revisions"}],"predecessor-version":[{"id":68255,"href":"https:\/\/www.herr-rau.de\/wordpress\/wp-json\/wp\/v2\/pages\/404\/revisions\/68255"}],"wp:attachment":[{"href":"https:\/\/www.herr-rau.de\/wordpress\/wp-json\/wp\/v2\/media?parent=404"}],"curies":[{"name":"wp","href":"https:\/\/api.w.org\/{rel}","templated":true}]}}